6) to base 9.
3
1 (base 6) to base 12
1
Convert 16 (base 15) to base 5.
41
What is 59 (base 15) in base 14?
60
12 (base 4) to base 9
6
-1 (base 4) to base 6
-1
10101 (base 2) to base 11
1a
54 (base 8) to base 6
112
4 (base 9) to base 2
100
What is 3 (base 7) in base 9?
3
What is -13 (base 6) in base 5?
-14
Convert 175 (base 9) to base 13.
b6
What is 110002 (base 3) in base 12?
232
Convert 0 (base 10) to base 6.
0
Convert -3 (base 5) to base 8.
-3
0 (base 4) to base 12
0
Convert 6 (base 11) to base 7.
6
-15 (base 10) to base 15
-10
What is -54 (base 11) in base 6?
-135
What is 0 (base 13) in base 10?
0
What is 0 (base 13) in base 7?
0
What is -10 (base 11) in base 3?
-102
Convert -3 (base 4) to base 9.
-3
Convert -2 (base 14) to base 3.
-2
-100 (base 2) to base 10
-4
Convert -34 (base 14) to base 6.
-114
What is -111010 (base 2) in base 4?
-322
10000100 (base 2) to base 11
110
What is 77 (base 12) in base 7?
160
What is 0 (base 10) in base 12?
0
-3 (base 9) to base 5
-3
Convert 1 (base 12) to base 5.
1
30 (base 9) to base 16
1b
Convert -37 (base 14) to base 11.
-45
What is -15 (base 7) in base 13?
-c
What is 46 (base 10) in base 11?
42
-1001011 (base 2) to base 16
-4b
What is 3023 (base 4) in base 3?
21112
-4 (base 6) to base 8
-4
-100 (base 2) to base 16
-4
What is -1 (base 13) in base 9?
-1
What is 10 (base 5) in base 6?
5
What is 3 (base 10) in base 11?
3
Convert -51 (base 16) to base 6.
-213
Convert -12 (base 10) to base 8.
-14
Convert -11 (base 3) to base 2.
-100
Convert -44 (base 7) to base 15.
-22
a (base 14) to base 5
20
Convert -3 (base 6) to base 3.
-10
Convert 2 (base 5) to base 12.
2
What is 11 (base 2) in base 5?
3
What is -33 (base 4) in base 12?
-13
What is -19 (base 16) in base 4?
-121
What is -34 (base 10) in base 6?
-54
Convert -3 (base 11) to base 5.
-3
What is -1 (base 14) in base 10?
-1
17 (base 13) to base 14
16
Convert -1b (base 16) to base 8.
-33
-27 (base 9) to base 14
-1b
2012 (base 3) to base 13
47
Convert -5 (base 14) to base 6.
-5
45 (base 8) to base 2
100101
-1b (base 13) to base 10
-24
-2c (base 14) to base 8
-50
Convert 313 (base 10) to base 11.
265
Convert -17 (base 8) to base 16.
-f
Convert 4 (base 14) to base 13.
4
110001 (base 2) to base 7
100
What is 14 (base 9) in base 8?
15
Convert 1033 (base 4) to base 5.
304
What is -14 (base 10) in base 13?
-11
-101001 (base 2) to base 10
-41
3 (base 12) to base 14
3
Convert 13 (base 4) to base 6.
11
1 (base 9) to base 11
1
Convert -3 (base 10) to base 16.
-3
Convert -2 (base 15) to base 5.
-2
-11 (base 10) to base 9
-12
93 (base 10) to base 2
1011101
Convert -7 (base 10) to base 2.
-111
Convert -11001 (base 3) to base 10.
-109
Convert -32 (base 5) to base 2.
-10001
What is 18 (base 15) in base 9?
25
Convert -7 (base 11) to base 12.
-7
What is -10000 (base 2) in base 3?
-121
What is 132 (base 10) in base 3?
11220
What is 1 (base 13) in base 15?
1
What is -2 (base 6) in base 13?
-2
What is 3 (base 13) in base 15?
3
-17 (base 10) to base 8
-21
-464 (base 9) to base 14
-1d4
What is cb (base 15) in base 6?
515
-21201 (base 3) to base 9
-251
Convert 5 (base 15) to base 11.
5
What is -37 (base 10) in base 16?
-25
0 (base 6) to base 4
0
Convert -47 (base 11) to base 8.
-63
Convert 4 (base 14) to base 3.
11
What is 1251 (base 6) in base 13?
1b7
What is -302 (base 5) in base 15?
-52
Convert 6 (base 16) to base 12.
6
What is 1 (base 15) in base 12?
1
8 (base 16) to base 9
8
12 (base 13) to base 16
f
What is -4e (base 15) in base 16?
-4a
Convert 1024 (base 5) to base 9.
164
Convert 11200 (base 3) to base 12.
a6
202 (base 6) to base 9
82
1010 (base 3) to base 8
36
12 (base 4) to base 15
6
What is -3 (base 14) in base 12?
-3
Convert -210 (base 3) to base 2.
-10101
What is 24 (base 12) in base 15?
1d
What is 4 (base 16) in base 13?
4
What is -3 (base 10) in base 15?
-3
Convert -15 (base 8) to base 3.
-111
-163 (base 10) to base 5
-1123
-11 (base 2) to base 5
-3
-82 (base 9) to base 2
-1001010
-15 (base 9) to base 7
-20
What is 32 (base 5) in base 6?
25
Convert -1212 (base 3) to base 9.
-55
5d (base 14) to base 2
1010011
-1 (base 16) to base 7
-1
What is b4 (base 12) in base 4?
2020
Convert 101011 (base 2) to base 7.
61
Convert 7c (base 13) to base 15.
6d
Convert 220 (base 5) to base 6.
140
-3 (base 12) to base 15
-3
a (base 16) to base 3
101
1 (base 5) to base 3
1
-2213 (base 5) to base 4
-10310
Convert 11 (base 2) to base 12.
3
Convert -21 (base 3) to base 2.
-111
What is 6 (base 14) in base 9?
6
What is 8 (base 10) in base 8?
10
What is 3 (base 13) in base 9?
3
1 (base 14) to base 6
1
What is -22200 (base 3) in base 8?
-352
Convert 5 (base 16) to base 4.
11
What is 11 (base 3) in base 8?
4
Convert 12 (base 3) to base 10.
5
13 (base 14) to base 5
32
What is 1 (base 6) in base 2?
1
What is -4 (base 8) in base 5?
-4
-2 (base 8) to base 6
-2
What is -2 (base 4) in base 15?
-2
-2 (base 13) to base 9
-2
What is -3 (base 15) in base 5?
-3
What is 8 (base 15) in base 4?
20
What is -2 (base 7) in base 3?
-2
What is -140 (base 6) in base 7?
-114
Convert -8 (base 13) to base 2.
-1000
6 (base 9) to base 3
20
37 (base 15) to base 12
44
What is -10 (base 16) in base 9?
-17
1 (base 11) to base 10
1
-42 (base 7) to base 3
-1010
What is 4 (base 15) in base 12?
4
Convert 323 (base 4) to base 3.
2012
Convert -e (base 16) to base 5.
-24
Convert -28 (base 15) to base 14.
-2a
Convert 21 (base 6) to base 9.
14
Convert -1001 (base 2) to base 16.
-9
Convert -20 (base 7) to base 2.
-1110
What is -2a5 (base 12) in base 7?
-1130
What is -18 (base 16) in base 10?
-24
Convert -441 (base 5) to base 12.
-a1
242 (base 7) to base 16
80
Convert 10 (base 2) to base 3.
2
Convert 2 (base 8) to base 3.
2
-1 (base 6) to base 5
-1
Convert 16 (base 14) to base 16.
14
Convert -38 (base 16) to base 13.
-44
43 (base 8) to base 5
120
What is 2 (base 6) in base 5?
2
1 (base 15) to base 6
1
What is 7 (base 15) in base 5?
12
What is -57 (base 8) in base 10?
-47
5 (base 16) to base 9
5
What is 2 (base 6) in base 11?
2
-3 (base 7) to base 12
-3
What is 34 (base 11) in base 6?
101
What is 1 (base 8) in base 10?
1
-21 (base 14) to base 10
-29
What is 1 (base 5) in base 12?
1
-8a (base 14) to base 11
-101
112 (base 8) to base 16
4a
What is -27 (base 13) in base 5?
-113
What is -2 (base 8) in base 7?
-2
Convert -50 (base 7) to base 12.
-2b
What is 11 (base 6) in base 10?
7
Convert e9 (base 15) to base 10.
219
What is 19 (base 12) in base 8?
25
13 (base 4) to base 7
10
-1 (base 5) to base 16
-1
Convert 1 (base 4) to base 13.
1
Convert 139 (base 10) to base 15.
94
Convert -5 (base 16) to base 2.
-101
-2 (base 16) to base 14
-2
What is -4 (base 16) in base 13?
-4
Convert 2 (base 9) to base 14.
2
What is -41 (base 7) in base 4?
-131
-d (base 15) to base 11
-12
What is -42 (base 12) in base 9?
-55
What is -4 (base 16) in base 6?
-4
What is -212 (base 3) in base 6?
-35
17 (base 12) to base 9
21
-3322 (base 4) to base 6
-1054
Convert -134 (base 6) to base 11.
-53
-1 (base 3) to base 14
-1
What is 2 (base 6) in base 8?
2
14 (base 6) to base 12
a
Convert 1 (base 12) to base 2.
1
Convert -3d (base 14) to base 13.
-43
-31 (base 4) to base 13
-10
Convert 2 (base 6) to base 11.
2
Convert 1 (base 3) to base 16.
1
Convert 4 (base 9) to base 7.
4
Convert 18 (base 9) to base 7.
23
-1 (base 12) to base 13
-1
Convert b (base 12) to base 3.
102
What is 8 (base 13) in base 10?
8
Convert -4 (base 9) to base 8.
-4
0 (base 11) to base 12
0
What is -204 (base 10) in base 7?
-411
-8 (base 12) to base 16
-8
Convert 10000 (base 2) to base 7.
22
What is 5 (base 7) in base 9?
5
334 (base 5) to base 14
6a
Convert 8a (base 11) to base 15.
68
4 (base 11) to base 5
4
Convert -2 (base 11) to base 3.
-2
What is 3 (base 10) in base 12?
3
What is 133 (base 5) in base 10?
43
Convert 1 (base 4) to base 13.
1
-101 (base 6) to base 14
-29
What is 176 (base 14) in base 15?
150
-16 (base 14) to base 2
-10100
30 (base 6) to base 7
24
-25 (base 12) to base 15
-1e
What is 33 (base 13) in base 4?
222
-170 (base 14) to base 6
-1210
43 (base 5) to base 11
21
What is 0 (base 3) in base 5?
0
Convert 44 (base 12) to base 7.
103
What is 0 (base 3) in base 10?
0
Convert -8 (base 15) to base 10.
-8
What is 2 (base 16) in base 14?
2
10 (base 14) to base 15
e
-1331 (base 4) to base 9
-14